{"id":5952,"date":"2024-09-24T14:09:17","date_gmt":"2024-09-24T12:09:17","guid":{"rendered":"http:\/\/dev.ornet-service.com\/?page_id=5952"},"modified":"2025-07-28T11:45:35","modified_gmt":"2025-07-28T09:45:35","slug":"was-bringt-sdc-den-unternehmern","status":"publish","type":"page","link":"https:\/\/ornet.org\/?page_id=5952","title":{"rendered":"Was bringt SDC den Unternehmern?"},"content":{"rendered":"<div id='full_slider_1'  class='avia-fullwidth-slider main_color avia-shadow   avia-builder-el-0  el_before_av_section  avia-builder-el-first   container_wrap sidebar_right'  ><div  class='avia-slideshow av-m1krzvup-b2af25115d0feb85344f92173ca9f6de avia-slideshow-featured av_slideshow_full avia-slide-slider av-slideshow-ui av-control-default av-slideshow-manual av-loop-once av-loop-manual-endless av-default-height-applied   avia-slideshow-1' data-slideshow-options=\"{&quot;animation&quot;:&quot;slide&quot;,&quot;autoplay&quot;:false,&quot;loop_autoplay&quot;:&quot;once&quot;,&quot;interval&quot;:5,&quot;loop_manual&quot;:&quot;manual-endless&quot;,&quot;autoplay_stopper&quot;:false,&quot;noNavigation&quot;:false,&quot;bg_slider&quot;:false,&quot;keep_padding&quot;:false,&quot;hoverpause&quot;:false,&quot;show_slide_delay&quot;:0}\"  itemprop=\"image\" itemscope=\"itemscope\" itemtype=\"https:\/\/schema.org\/ImageObject\" ><ul class='avia-slideshow-inner ' style='padding-bottom: 28.666666666667%;'><li  class='avia-slideshow-slide av-m1krzvup-b2af25115d0feb85344f92173ca9f6de__0  av-single-slide slide-1 slide-odd'><div data-rel='slideshow-1' class='avia-slide-wrap '   ><img decoding=\"async\" fetchpriority=\"high\" class=\"wp-image-6407 avia-img-lazy-loading-not-6407\"  src=\"https:\/\/ornet.org\/wp-content\/uploads\/2024\/09\/Header-Industrie_NEU-1500x430.jpg\" width=\"1500\" height=\"430\" title='Header Industrie_NEU' alt=''  itemprop=\"thumbnailUrl\"   \/><\/div><\/li><\/ul><\/div><\/div>\n<div id='av_section_1'  class='avia-section av-m1krqrda-84567f3fb7c3eeb3da9860025d09a4fc main_color avia-section-default avia-no-border-styling  avia-builder-el-1  el_after_av_slideshow_full  el_before_av_section  avia-bg-style-scroll container_wrap sidebar_right'  ><div class='container av-section-cont-open' ><div class='template-page content  av-content-small alpha units'><div class='post-entry post-entry-type-page post-entry-5952'><div class='entry-content-wrapper clearfix'>\n\n<style type=\"text\/css\" data-created_by=\"avia_inline_auto\" id=\"style-css-av-m1krihtk-7f21de35b47bdeea9df5b99bb43ec653\">\n#top .av_textblock_section.av-m1krihtk-7f21de35b47bdeea9df5b99bb43ec653 .avia_textblock{\ncolor:#104370;\n}\n<\/style>\n<section  class='av_textblock_section av-m1krihtk-7f21de35b47bdeea9df5b99bb43ec653 '   itemscope=\"itemscope\" itemtype=\"https:\/\/schema.org\/CreativeWork\" ><div class='avia_textblock av_inherit_color'  itemprop=\"text\" ><h2>Was bringt SDC den Unternehmen<\/h2>\n<\/div><\/section>\n\n<style type=\"text\/css\" data-created_by=\"avia_inline_auto\" id=\"style-css-av-m1kswdsa-8276408852e9bbb392964ece29d327b6\">\n#top .hr.av-m1kswdsa-8276408852e9bbb392964ece29d327b6{\nmargin-top:0px;\nmargin-bottom:15px;\n}\n.hr.av-m1kswdsa-8276408852e9bbb392964ece29d327b6 .hr-inner{\nwidth:50px;\nborder-color:#104370;\n}\n<\/style>\n<div  class='hr av-m1kswdsa-8276408852e9bbb392964ece29d327b6 hr-custom  avia-builder-el-3  el_after_av_textblock  el_before_av_one_full  hr-left hr-icon-no'><span class='hr-inner inner-border-av-border-thin'><span class=\"hr-inner-style\"><\/span><\/span><\/div>\n<div  class='flex_column av-i0y6jk-a0fe7f07c9c0e46af799e58c55d15906 av_one_full  avia-builder-el-4  el_after_av_hr  el_before_av_one_half  first flex_column_div  '     ><p><section  class='av_textblock_section av-m1krirey-a2ca4edb6b216bb0382aec409bac9931 '   itemscope=\"itemscope\" itemtype=\"https:\/\/schema.org\/CreativeWork\" ><div class='avia_textblock'  itemprop=\"text\" ><p>Trotz Fortschritten und tollen Innovationen in der Medizintechnik und der Digitalisierung k\u00f6nnen diese nicht uneingeschr\u00e4nkt im OP zum Einsatz kommen. Die Probleme sind propriet\u00e4re Protokolle und Schnittstellen so dass eine Vernetzung der Ger\u00e4te im OP nur mit viel Aufwand und hohen Kosten betrieben werden kann. Auch Michael Czaplik, Ilara GmbH, best\u00e4tigt dies: \u201eAufgrund der fehlenden hersteller\u00fcbergreifenden Standards und einheitlicher Protokolle, entstehen leider an vielen Stellen immer wieder Insell\u00f6sungen, die entweder gar nicht, oder nur mit gr\u00f6\u00dferen finanziellen Aufwand an bestehende Strukturen angebunden werden k\u00f6nnen. Dieses Problem f\u00fchrt zu einer Innovationsbremse und unn\u00f6tigen Kosten und Zeitverz\u00f6gerungen.\u201c<\/p>\n<\/div><\/section><br \/>\n\n<style type=\"text\/css\" data-created_by=\"avia_inline_auto\" id=\"style-css-av-m1krt8i5-458291550a8501080dc9f7a8a0ac2430\">\n#top .hr.hr-invisible.av-m1krt8i5-458291550a8501080dc9f7a8a0ac2430{\nheight:30px;\n}\n<\/style>\n<div  class='hr av-m1krt8i5-458291550a8501080dc9f7a8a0ac2430 hr-invisible  avia-builder-el-6  el_after_av_textblock  el_before_av_textblock '><span class='hr-inner '><span class=\"hr-inner-style\"><\/span><\/span><\/div><br \/>\n\n<style type=\"text\/css\" data-created_by=\"avia_inline_auto\" id=\"style-css-av-m1krj0ib-dd74c1819f95ffefef31587163195143\">\n#top .av_textblock_section.av-m1krj0ib-dd74c1819f95ffefef31587163195143 .avia_textblock{\nfont-size:16px;\n}\n<\/style>\n<section  class='av_textblock_section av-m1krj0ib-dd74c1819f95ffefef31587163195143 '   itemscope=\"itemscope\" itemtype=\"https:\/\/schema.org\/CreativeWork\" ><div class='avia_textblock'  itemprop=\"text\" ><p><strong>Weitere derzeitige Probleme in Hinblick auf die Vernetzung von Medizinger\u00e4ten sind:<\/strong><\/p>\n<\/div><\/section><\/p><\/div><div  class='flex_column av-ff5c6o-420ae08761606cde93a70a985285b8ff av_one_half  avia-builder-el-8  el_after_av_one_full  el_before_av_one_half  first flex_column_div  column-top-margin'     ><style type=\"text\/css\" data-created_by=\"avia_inline_auto\" id=\"style-css-av-m1krm0na-f766f88a261d0501e93b16d2b48edf5d\">\n#top .avia-icon-list-container.av-m1krm0na-f766f88a261d0501e93b16d2b48edf5d .iconlist_icon{\ncolor:#ffffff;\n}\n#top .avia-icon-list-container.av-m1krm0na-f766f88a261d0501e93b16d2b48edf5d .iconlist_icon svg:first-child{\nstroke:#ffffff;\nfill:#ffffff;\n}\n#top #wrap_all .avia-icon-list-container.av-m1krm0na-f766f88a261d0501e93b16d2b48edf5d .av_iconlist_title{\ncolor:#104370;\n}\n.avia-icon-list-container.av-m1krm0na-f766f88a261d0501e93b16d2b48edf5d .iconlist_content{\ncolor:#333333;\n}\n<\/style>\n<div  class='avia-icon-list-container av-m1krm0na-f766f88a261d0501e93b16d2b48edf5d  avia-builder-el-9  avia-builder-el-no-sibling '><ul class='avia-icon-list avia_animate_when_almost_visible avia-icon-list-left av-iconlist-big av-m1krm0na-f766f88a261d0501e93b16d2b48edf5d avia-iconlist-animate'>\n<li><div class='iconlist_icon av-m1krjo4t-741d333d1d272eb22ff4d70beb2f6cd2 avia-font-entypo-fontello avia-iconfont avia-font-entypo-fontello'><span class='av-icon-char' data-av_icon='\ue813' data-av_iconfont='entypo-fontello' aria-hidden=\"true\"><\/span><\/div><article class=\"article-icon-entry \"  itemscope=\"itemscope\" itemtype=\"https:\/\/schema.org\/CreativeWork\" ><div class=\"iconlist_content_wrap\"><header class=\"entry-content-header\" aria-label=\"Icon: der Markteintritt \"><h4 class='av_iconlist_title iconlist_title  av_inherit_color'  itemprop=\"headline\" >der Markteintritt <\/h4><\/header><div class='iconlist_content av_inherit_color'  itemprop=\"text\" ><p>kleinerer Unternehmen, der erschwert oder unm\u00f6glich ist<\/p>\n<\/div><\/div><footer class=\"entry-footer\"><\/footer><\/article><div class=\"iconlist-timeline\"><\/div><\/li>\n<li><div class='iconlist_icon av-m1krjo4t-14-9ba32ac9183cb48abfb982dde0be5d90 avia-font-entypo-fontello avia-iconfont avia-font-entypo-fontello'><span class='av-icon-char' data-av_icon='\ue813' data-av_iconfont='entypo-fontello' aria-hidden=\"true\"><\/span><\/div><article class=\"article-icon-entry \"  itemscope=\"itemscope\" itemtype=\"https:\/\/schema.org\/CreativeWork\" ><div class=\"iconlist_content_wrap\"><header class=\"entry-content-header\" aria-label=\"Icon: gesetzliche Anforderungen\"><h4 class='av_iconlist_title iconlist_title  av_inherit_color'  itemprop=\"headline\" >gesetzliche Anforderungen<\/h4><\/header><div class='iconlist_content av_inherit_color'  itemprop=\"text\" ><p>an vernetzte Medizinprodukte insbesondere bezogen auf deren Zulassung<\/p>\n<\/div><\/div><footer class=\"entry-footer\"><\/footer><\/article><div class=\"iconlist-timeline\"><\/div><\/li>\n<li><div class='iconlist_icon av-m1krjo4t-13-1ff264a17e9010179a90f25bceae6fa3 avia-font-entypo-fontello avia-iconfont avia-font-entypo-fontello'><span class='av-icon-char' data-av_icon='\ue813' data-av_iconfont='entypo-fontello' aria-hidden=\"true\"><\/span><\/div><article class=\"article-icon-entry \"  itemscope=\"itemscope\" itemtype=\"https:\/\/schema.org\/CreativeWork\" ><div class=\"iconlist_content_wrap\"><header class=\"entry-content-header\" aria-label=\"Icon: der Zugriff \"><h4 class='av_iconlist_title iconlist_title  av_inherit_color'  itemprop=\"headline\" >der Zugriff <\/h4><\/header><div class='iconlist_content av_inherit_color'  itemprop=\"text\" ><p>auf vorhandene Informationen durch fehlende Schnittstellen<\/p>\n<\/div><\/div><footer class=\"entry-footer\"><\/footer><\/article><div class=\"iconlist-timeline\"><\/div><\/li>\n<li><div class='iconlist_icon av-m1krjo4t-12-1cd515eacac03150d9aed8302d71626a avia-font-entypo-fontello avia-iconfont avia-font-entypo-fontello'><span class='av-icon-char' data-av_icon='\ue813' data-av_iconfont='entypo-fontello' aria-hidden=\"true\"><\/span><\/div><article class=\"article-icon-entry \"  itemscope=\"itemscope\" itemtype=\"https:\/\/schema.org\/CreativeWork\" ><div class=\"iconlist_content_wrap\"><header class=\"entry-content-header\" aria-label=\"Icon: durch die fehlende Integration\"><h4 class='av_iconlist_title iconlist_title  av_inherit_color'  itemprop=\"headline\" >durch die fehlende Integration<\/h4><\/header><div class='iconlist_content av_inherit_color'  itemprop=\"text\" ><p>ist keine optimale Bedienschnittstelle gegeben, so dass hier Fehlbedienungen geschehen k\u00f6nnen, die die Sicherheit des Patienten gef\u00e4hrden k\u00f6nnen<\/p>\n<\/div><\/div><footer class=\"entry-footer\"><\/footer><\/article><div class=\"iconlist-timeline\"><\/div><\/li>\n<\/ul><\/div><\/div><div  class='flex_column av-egzhhs-412aa3c2229d18698a9eb76350f96b2e av_one_half  avia-builder-el-10  el_after_av_one_half  el_before_av_one_half  flex_column_div  column-top-margin'     ><style type=\"text\/css\" data-created_by=\"avia_inline_auto\" id=\"style-css-av-m1kro0iq-f8a53dc5661c2c7fc675a10d3696ef7e\">\n.avia-image-container.av-m1kro0iq-f8a53dc5661c2c7fc675a10d3696ef7e img.avia_image{\nbox-shadow:none;\n}\n.avia-image-container.av-m1kro0iq-f8a53dc5661c2c7fc675a10d3696ef7e .av-image-caption-overlay-center{\ncolor:#ffffff;\n}\n<\/style>\n<div  class='avia-image-container av-m1kro0iq-f8a53dc5661c2c7fc675a10d3696ef7e av-styling- avia-align-center  avia-builder-el-11  avia-builder-el-no-sibling '   itemprop=\"image\" itemscope=\"itemscope\" itemtype=\"https:\/\/schema.org\/ImageObject\" ><div class=\"avia-image-container-inner\"><div class=\"avia-image-overlay-wrap\"><img decoding=\"async\" fetchpriority=\"high\" class='wp-image-3814 avia-img-lazy-loading-not-3814 avia_image ' src=\"https:\/\/ornet.org\/wp-content\/uploads\/2019\/04\/industry_1200x801.jpg\" alt='industry' title='industry_1200x801'  height=\"801\" width=\"1200\"  itemprop=\"thumbnailUrl\" srcset=\"https:\/\/ornet.org\/wp-content\/uploads\/2019\/04\/industry_1200x801.jpg 1200w, https:\/\/ornet.org\/wp-content\/uploads\/2019\/04\/industry_1200x801-300x200.jpg 300w, https:\/\/ornet.org\/wp-content\/uploads\/2019\/04\/industry_1200x801-768x513.jpg 768w, https:\/\/ornet.org\/wp-content\/uploads\/2019\/04\/industry_1200x801-1024x684.jpg 1024w, https:\/\/ornet.org\/wp-content\/uploads\/2019\/04\/industry_1200x801-600x401.jpg 600w\" sizes=\"(max-width: 1200px) 100vw, 1200px\" \/><\/div><\/div><\/div><\/div><div  class='flex_column av-cny3dc-0c63bd0d9e039b8a8a4a00cd48e2fabc av_one_half  avia-builder-el-12  el_after_av_one_half  el_before_av_one_half  first flex_column_div  column-top-margin'     ><section  class='av_textblock_section av-m1kru6j7-484a0ac9cc02c786dde66d2a8fc20cbc '   itemscope=\"itemscope\" itemtype=\"https:\/\/schema.org\/CreativeWork\" ><div class='avia_textblock'  itemprop=\"text\" ><p>Durch die Verf\u00fcgbarkeit von SDC versprechen sich die Firmenvertreter deutliche Verbesserungen, da nun innovative Produkte und vielversprechende Softwarel\u00f6sungen, die oft sehr spezialisiert sind, den Experten im OP zur Verf\u00fcgung gestellt werden k\u00f6nnen. Durch die SDC Standards verwendet jedes Ger\u00e4t einheitliche Schnittstellen und ein einheitliches Kommunikationsprotokoll. Dadurch reduziert sich der Implementierungsaufwand deutlich und erm\u00f6glicht auch KMUs einen Marktzutritt. \u201eWir als Hersteller erhoffen uns mehr auf die Entwicklung innovativer Medizinprodukte konzentrieren zu k\u00f6nnen. Die Implementierung der \u201eVernetzung\u201c sollte einfach zu erledigender Standard werden und keine K\u00fcr\u201c sagt Marcus K\u00f6ny, Ilara GmbH.<\/p>\n<\/div><\/section><\/div><div  class='flex_column av-bknp5s-ea892a6b9b5c6554d10261cf9cdf1d69 av_one_half  avia-builder-el-14  el_after_av_one_half  avia-builder-el-last  flex_column_div  column-top-margin'     ><section  class='av_textblock_section av-m1krudvm-e253b4034aff9f0416e566c60b1c0543 '   itemscope=\"itemscope\" itemtype=\"https:\/\/schema.org\/CreativeWork\" ><div class='avia_textblock'  itemprop=\"text\" ><p>Auch Philipp Liebmann, Produkt- und Marketingmanager bei Richard Wolf GmbH, verspricht sich durch SDC deutliche Verbesserungen, wie bspw. eine Absenkung der Implementierungsh\u00fcrde und Sicherheit in Bezug auf die regulatorischen Anforderungen an ein Medizinprodukt in einem vernetzten Medizinprodukteverbund.<\/p>\n<\/div><\/section><\/div><\/div><\/div><\/div><!-- close content main div --><\/div><\/div>\n<style type=\"text\/css\" data-created_by=\"avia_inline_auto\" id=\"style-css-av-9ic5ps-27b4b51188f1bc03fcf5a0c4398ef206\">\n.avia-section.av-9ic5ps-27b4b51188f1bc03fcf5a0c4398ef206 .av-parallax .av-parallax-inner{\nbackground-repeat:no-repeat;\nbackground-image:url(https:\/\/ornet.org\/wp-content\/uploads\/2019\/04\/main_1_surgeon_1920x1221-1.jpg);\nbackground-position:0% 0%;\nbackground-attachment:scroll;\n}\n.avia-section.av-9ic5ps-27b4b51188f1bc03fcf5a0c4398ef206 .av-section-color-overlay{\nopacity:0.8;\nbackground-color:#104370;\n}\n<\/style>\n<div id='av_section_2'  class='avia-section av-9ic5ps-27b4b51188f1bc03fcf5a0c4398ef206 main_color avia-section-default avia-no-border-styling  avia-builder-el-16  el_after_av_section  el_before_av_section  av-parallax-section avia-bg-style-parallax av-section-color-overlay-active container_wrap sidebar_right'  data-section-bg-repeat='no-repeat'><div class='av-parallax' data-avia-parallax-ratio='0.3' ><div class='av-parallax-inner main_color avia-full-stretch'><\/div><\/div><div class=\"av-section-color-overlay-wrap\"><div class=\"av-section-color-overlay\"><\/div><div class='container av-section-cont-open' ><div class='template-page content  av-content-small alpha units'><div class='post-entry post-entry-type-page post-entry-5952'><div class='entry-content-wrapper clearfix'>\n\n<style type=\"text\/css\" data-created_by=\"avia_inline_auto\" id=\"style-css-av-m1krv8w9-0ae31e831f1351b1fe2449990c6faa79\">\n#top .av_textblock_section.av-m1krv8w9-0ae31e831f1351b1fe2449990c6faa79 .avia_textblock{\ncolor:#ffffff;\n}\n<\/style>\n<section  class='av_textblock_section av-m1krv8w9-0ae31e831f1351b1fe2449990c6faa79 '   itemscope=\"itemscope\" itemtype=\"https:\/\/schema.org\/CreativeWork\" ><div class='avia_textblock av_inherit_color'  itemprop=\"text\" ><div class=\"special-heading vntd-heading heading-border-below heading-align-center\">\n<h3 class=\"special-heading-title\" style=\"text-align: center;\">Dr. med. Dr. rer. nat. Michael Czaplik<\/h3>\n<h3 class=\"special-heading-title\" style=\"text-align: center;\">Gesch\u00e4ftsf\u00fchrender Gesellschafter Ilara GmbH<\/h3>\n<\/div>\n<div class=\"wpb_text_column wpb_content_element \">\n<div class=\"wpb_wrapper\" style=\"text-align: center;\"><\/div>\n<\/div>\n<\/div><\/section>\n\n<style type=\"text\/css\" data-created_by=\"avia_inline_auto\" id=\"style-css-av-75nw28-e3264625dbe72d31e27d1359032684bd\">\n#top .hr.av-75nw28-e3264625dbe72d31e27d1359032684bd{\nmargin-top:30px;\nmargin-bottom:30px;\n}\n.hr.av-75nw28-e3264625dbe72d31e27d1359032684bd .hr-inner{\nwidth:50px;\nborder-color:#ffffff;\n}\n<\/style>\n<div  class='hr av-75nw28-e3264625dbe72d31e27d1359032684bd hr-custom  avia-builder-el-18  el_after_av_textblock  el_before_av_textblock  hr-center hr-icon-no'><span class='hr-inner inner-border-av-border-thin'><span class=\"hr-inner-style\"><\/span><\/span><\/div>\n\n<style type=\"text\/css\" data-created_by=\"avia_inline_auto\" id=\"style-css-av-m1krvf54-a480b3b229477bb5a35e7fd115780c40\">\n#top .av_textblock_section.av-m1krvf54-a480b3b229477bb5a35e7fd115780c40 .avia_textblock{\ncolor:#ffffff;\n}\n<\/style>\n<section  class='av_textblock_section av-m1krvf54-a480b3b229477bb5a35e7fd115780c40 '   itemscope=\"itemscope\" itemtype=\"https:\/\/schema.org\/CreativeWork\" ><div class='avia_textblock av_inherit_color'  itemprop=\"text\" ><p style=\"text-align: center;\">\u201eInnovation lebt von kleinen, kreativen Anbietern! Das Medizintechnik Netzwerk der Zukunft ist eine Plattform; beliebige kompatible Ger\u00e4te und Systeme k\u00f6nnen miteinander kommunizieren, ganz unabh\u00e4ngig von ihren jeweiligen Herstellern\u2026\u201c<\/p>\n<\/div><\/section>\n<\/p>\n<\/div><\/div><\/div><!-- close content main div --><\/div><\/div><\/div><div id='av_section_3'  class='avia-section av-28xjk-e06738fd9c2f13e16d63a4e243729010 main_color avia-section-default avia-no-border-styling  avia-builder-el-20  el_after_av_section  avia-builder-el-last  avia-bg-style-scroll container_wrap sidebar_right'  ><div class='container av-section-cont-open' ><div class='template-page content  av-content-small alpha units'><div class='post-entry post-entry-type-page post-entry-5952'><div class='entry-content-wrapper clearfix'>\n<div  class='flex_column av-3pldb4-c0e4ecd0ca8e1b6c4103db392eebf617 av_one_half  avia-builder-el-21  el_before_av_one_half  avia-builder-el-first  first flex_column_div  '     ><section  class='av_textblock_section av-m1krwbq1-06b2a1eef4f465257a02079f70f5d33d '   itemscope=\"itemscope\" itemtype=\"https:\/\/schema.org\/CreativeWork\" ><div class='avia_textblock'  itemprop=\"text\" ><p>Insbesondere im OEM-Gesch\u00e4ft sehen viele Firmen konkrete Vorz\u00fcge durch SDC. Sie unterst\u00fctzen ihre Kunden bei der Umsetzung der Standards und Integration der Protokolle und k\u00f6nnen nun eine standardisierte Basis-Netzwerkanbindung f\u00fcr alle Ger\u00e4te anzubieten, ohne jedes Mal eine kundenspezifische L\u00f6sung realisieren zu m\u00fcssen. Dadurch wird Entwicklungskapazit\u00e4t gespart, da l\u00e4ngerfristig in jedem Ger\u00e4t im Feld die gleichen Grundlagen der Soft-\/Firmware angewendet werden. Dies kann zun\u00e4chst durch externe Konnektoren geschehen. In der Zukunft werden es dann eingebaute Module sein und eine direkt implementierte SDC-Schnittstelle.<br \/>\nMarc Stanesby, Gesch\u00e4ftsf\u00fchrer von steute Technologies, verspricht sich bessere Bedienbarkeit und mehr Sicherheit im OP: \u201esteute spielt eine zentrale Rolle in der Bedienung von Medizinger\u00e4ten, da wir fast alle medizinische Anwendungen mit unserem umfangreichen Programm an Fu\u00df- und Handbedienger\u00e4ten abdecken. Mit einer Kombination unserer Wireless-Kommunikation und SDC kann steute Bedienelemente entwickeln, die die Arbeit im OP erheblich erleichtern und sicherer machen.\u201c<\/p>\n<\/div><\/section><\/div><div  class='flex_column av-37zd8g-645c444c1b9beef4d4f06d27c67fc5c2 av_one_half  avia-builder-el-23  el_after_av_one_half  avia-builder-el-last  flex_column_div  '     ><section  class='av_textblock_section av-m1krwhfk-9f40233db392b6bac7fc44bcc0ff7608 '   itemscope=\"itemscope\" itemtype=\"https:\/\/schema.org\/CreativeWork\" ><div class='avia_textblock'  itemprop=\"text\" ><p>Durch die Verwendung SDC-konformer Ger\u00e4te entf\u00e4llt die Bindung an bestimmte Hersteller, die Integration neuer Produkte und Komponenten wird deutlich erleichtert und das Arbeiten im OP wird flexibler und effizienter. Ganz praktisch kann das bedeuten, dass die Vielzahl am verwendeten Kabeln und Adaptern entf\u00e4llt. Dadurch werden Kosten reduziert, in der Anschaffung und auch im Betrieb.<br \/>\nSDC ist also vor allem f\u00fcr Ger\u00e4te relevant, f\u00fcr die es bisher noch keinen sinnvollen Standard gibt. Ger\u00e4te die DICOM oder HL7 nutzen werden dies auch weiterhin tun, aber f\u00fcr die Vernetzung von Medizinger\u00e4ten und den Austausch von Daten, f\u00fcr die es noch keine einheitlichen Protokolle und definierten Schnittstellen gab, bietet SDC eine sehr gro\u00dfe Chance.<\/p>\n<\/div><\/section><\/div>\n<\/div><\/div><\/div><!-- close content main div --><\/div><\/div><div id='after_section_3'  class='main_color av_default_container_wrap container_wrap sidebar_right'  ><div class='container av-section-cont-open' ><div class='template-page content  av-content-small alpha units'><div class='post-entry post-entry-type-page post-entry-5952'><div class='entry-content-wrapper clearfix'>\n","protected":false},"excerpt":{"rendered":"","protected":false},"author":2,"featured_media":0,"parent":5938,"menu_order":0,"comment_status":"closed","ping_status":"closed","template":"","meta":{"footnotes":""},"class_list":["post-5952","page","type-page","status-publish","hentry"],"_links":{"self":[{"href":"https:\/\/ornet.org\/index.php?rest_route=\/wp\/v2\/pages\/5952","targetHints":{"allow":["GET"]}}],"collection":[{"href":"https:\/\/ornet.org\/index.php?rest_route=\/wp\/v2\/pages"}],"about":[{"href":"https:\/\/ornet.org\/index.php?rest_route=\/wp\/v2\/types\/page"}],"author":[{"embeddable":true,"href":"https:\/\/ornet.org\/index.php?rest_route=\/wp\/v2\/users\/2"}],"replies":[{"embeddable":true,"href":"https:\/\/ornet.org\/index.php?rest_route=%2Fwp%2Fv2%2Fcomments&post=5952"}],"version-history":[{"count":10,"href":"https:\/\/ornet.org\/index.php?rest_route=\/wp\/v2\/pages\/5952\/revisions"}],"predecessor-version":[{"id":7112,"href":"https:\/\/ornet.org\/index.php?rest_route=\/wp\/v2\/pages\/5952\/revisions\/7112"}],"up":[{"embeddable":true,"href":"https:\/\/ornet.org\/index.php?rest_route=\/wp\/v2\/pages\/5938"}],"wp:attachment":[{"href":"https:\/\/ornet.org\/index.php?rest_route=%2Fwp%2Fv2%2Fmedia&parent=5952"}],"curies":[{"name":"wp","href":"https:\/\/api.w.org\/{rel}","templated":true}]}}